f g and 162.
18
Suppose 78 = 4*h - h. Let k = h - 17. What is the highest common divisor of k and 36?
9
Let l(m) = m**2 - 7*m + 8. Let v be l(6). Let o be 0 - (v - (16 + -1)). What is the greatest common divisor of 13 and o?
13
Let o(x) = 8*x - 14. Let m be o(2). What is the highest common factor of 2 and m?
2
Let q = -15 - -16. Calculate the greatest common factor of q and 2.
1
Let m(v) = 18*v + 4. Let f be m(5). Let c = f + -58. What is the greatest common divisor of c and 4?
4
Let h be (147/(-12))/(-7)*4. Let q(j) = 0 + h*j**2 - 1 + 2 + 2*j. Let d be q(-1). Calculate the highest common factor of d and 30.
6
Suppose -2*h - 5 + 27 = 0. Calculate the highest common factor of 77 and h.
11
Let r be -1 + 2 - 34/(-17). What is the highest common divisor of 15 and r?
3
Suppose -2*a = -0*a. Suppose l = -l + q + 6, q = a. Let i be 56/9 - 2/9. Calculate the greatest common factor of i and l.
3
Let f(z) = z + 14. Let a be f(6). Calculate the greatest common divisor of 20 and a.
20
Let o = 5 - 11. Let c = o - -10. Suppose -c*w = -5 + 1. Calculate the greatest common divisor of 1 and w.
1
Let j be (-1)/2 - 888/(-16). What is the highest common divisor of j and 11?
11
Let m(k) = k**3 - 5*k**2 + 6*k - 2. Suppose -2*l + 9 = 1. Let q be m(l). Suppose -p + 5 = -10. What is the greatest common divisor of p and q?
3
Let w be -2 + 4 + (0 - -5). Calculate the greatest common factor of w and 56.
7
Let i be (0/(2 - 1))/(-1). Suppose 3*p - w - 277 - 169 = 0, i = -2*p - 2*w + 308. What is the greatest common factor of 30 and p?
30
Let j be -3*(2 + 21/(-9)). Let t be 4*(2 - 11/4). Let f be 10 - (-2 + t/(-1)). What is the highest common divisor of j and f?
1
Suppose -3*b + 13 = -2*b. Suppose -2*a + 164 + 70 = 0. What is the highest common divisor of b and a?
13
Suppose 0 = -4*f - 4, 0 = -2*c - 2*f + f + 19. What is the greatest common factor of 5 and c?
5
Suppose -4*l - 179 = -5*r - 0*l, -r = 5*l - 59. Calculate the highest common factor of 26 and r.
13
Suppose -6*r = -18*r + 180. Calculate the highest common factor of 165 and r.
15
Suppose -3*c + 33 = -0*c. Let b(x) = 2*x**2 - 8*x - 13. Let z be b(6). What is the highest common divisor of c and z?
11
Let h be (-1)/(20/12 + -2). Let b be 17*(h + (3 - 3)). What is the greatest common divisor of b and 17?
17
Suppose -9 - 6 = 3*w. Let s(m) = 3*m**2 + 7*m. Let r be s(w). What is the highest common divisor of 10 and r?
10
Let j be (-50)/(-1)*126/28. What is the highest common divisor of 45 and j?
45
Suppose -3 = r - 6. Suppose 74 = 4*i + 2*j, -j + r*j = 6. Calculate the greatest common divisor of i and 119.
17
Let p(j) = j**2 + 12*j - 9. Let d be p(-15). What is the greatest common factor of d and 12?
12
Let h be (54/12)/((-6)/(-40)). What is the greatest common divisor of h and 10?
10
Let v = 1 + -1. Suppose 0 = 2*p + 1 + 1. Let q be v + 17 - (1 - p). What is the greatest common factor of q and 5?
5
Suppose -d + 2*d = 495. Suppose 5*i - 5*h + d = 0, 2*i + 0*h = -4*h - 180. Let g = i - -144. Calculate the highest common divisor of 12 and g.
12
Suppose -p - 5 = -21. What is the greatest common divisor of p and 32?
16
Let b(f) = -f + 29. Let t be b(7). Calculate the greatest common divisor of 33 and t.
11
Suppose 35 + 58 = 3*d. Suppose d = 5*r - 9. What is the highest common factor of r and 64?
8
Suppose 0 = 5*k + 5*u + 100, -k - 44 = k + 3*u. Let h = k + 30. Suppose -3*y = 2*l + l - 6, -y = -3*l + 6. Calculate the highest common divisor of h and l.
2
Suppose -2*r + 20 + 22 = 0. Let j(c) = 3*c + 16. Let y be j(-3). Calculate the greatest common factor of y and r.
7
Let m(g) = g**2 - 8*g + 19. Let k(j) = -j**2 + 15*j - 37. Let x(r) = 3*k(r) + 5*m(r). Let a be x(8). What is the highest common divisor of a and 19?
19
Let g = -17 + 27. Let k(m) = 2*m - 12. Let v be k(8). Suppose -4*h + 3*h = -v. Calculate the greatest common divisor of h and g.
2
Suppose 3*k + c + c - 86 = 0, 92 = 3*k - c. What is the greatest common divisor of 75 and k?
15
Let n(t) = t**2 - 15*t - 23. Let p be n(17). What is the greatest common factor of 121 and p?
11
Suppose 0 = -4*i - 0*r + 5*r - 260, -3*i + 4*r = 194. Let q = 22 + i. Let n = q + 78. What is the greatest common factor of 15 and n?
15
Let o be 0 + 2 - (-6)/3. Calculate the highest common factor of o and 28.
4
Suppose 2*b = -0*b - 3*z + 16, 2*b + 2*z - 12 = 0. Suppose 4*a + 32 = g, a - 22 = -2*g + 6. What is the highest common factor of b and g?
2
Suppose -2*x - 8 = -0*x. Let v be x/(3/(21/(-2))). Suppose 5*w + 135 = 2*q - 0*q, 0 = 5*q - 2*w - 348. What is the highest common divisor of q and v?
14
Let v(p) = -80*p**3 - p**2 - 2*p - 1. Let o be v(-1). Let d(w) = 2*w**2 - 2*w - 2. Let g be d(3). What is the greatest common factor of o and g?
10
Suppose -21*n + 1260 = -12*n. Calculate the greatest common divisor of 35 and n.
35
Suppose -3*z - 2*z = -360. Calculate the highest common divisor of 48 and z.
24
Let m be (-20)/(-6)*87/2. What is the highest common factor of 58 and m?
29
Let x(n) = -3*n - 1. Let v be x(-3). Suppose 3*j - 146 = -4*c + 60, -3*j - 94 = -2*c. Suppose -5*q + c = -70. What is the highest common divisor of q and v?
8
Let y(f) = -6*f + 20*f + 11 - f**2 + 0*f**2 - f. Let k be y(13). What is the highest common divisor of k and 121?
11
Let n be -5*-18*(-5)/(-25). Suppose f = 74 - 20. What is the greatest common factor of f and n?
18
Let h(q) = q**2 - q + 10. Let b be h(0). Let d be b/(-25)*190/(-1). What is the highest common divisor of d and 19?
19
Let a(b) = 3*b**2 + 6*b - 2. Let r be a(4). Suppose 0 = 2*n + 3*n + 25, 3*j - n - 89 = 0. What is the greatest common factor of j and r?
14
Let b(z) = 4*z**2 + 13*z - 2. Let j be b(-6). Calculate the highest common factor of 16 and j.
16
Let u(t) = -t**2 + 16*t + 14. Let a = 22 + -11. Let z be u(a). What is the greatest common factor of 46 and z?
23
Suppose 5*l = -2*o + 130, -2*o - 4*l + 134 = -l. Let b(x) = x**2. Let p be b(2). Suppose -p*s = s - o. What is the greatest common divisor of 70 and s?
14
Suppose -2*x = 6*p - 3*p - 137, -3*p + 134 = -x. Calculate the highest common divisor of 135 and p.
45
Let d be 27/(-18)*44/(-3). Suppose 5*c - 210 = -4*r, -4*c - 65 = 5*r - 332. What is the greatest common factor of d and r?
11
Let m(h) = 3*h**2 - 5*h - 5. Let x be ((-2)/(-2))/(4/20). Let u be m(x). What is the highest common factor of 5 and u?
5
Let y = -16 + 28. Suppose m = n + 2, -3*m - 3*n - 9 = -n. Let q be 7 - (1 - m)/2. Calculate the highest common factor of q and y.
6
Suppose 0*p = -5*p + 505. Suppose -3*a = 5 - p. Let g(v) = 2*v**2 - 8*v + 6. Let o be g(5). Calculate the greatest common divisor of o and a.
16
Let p(d) = 17*d**2 - 1. Let n(a) = -2*a - 5. Let h be n(-2). Let f be p(h). Calculate the highest common factor of 4 and f.
4
Let b be 10 - -1 - (2 - 5). Let s = 4 - -10. Calculate the highest common factor of b and s.
14
Suppose 5*h - 26 = -m, 3*h - 79 + 298 = 4*m. Calculate the highest common factor of 17 and m.
17
Suppose 9*u - 10*u = -26. Let q = -14 + u. Calculate the greatest common factor of q and 8.
4
Suppose -30 = -12*x + 7*x. What is the greatest common factor of x and 42?
6
Let d(s) = s - 4. Let y be d(4). Suppose -10 = -5*c - y*c. Suppose 5*l - c*l = 72. Calculate the highest common divisor of l and 60.
12
Let w be 1488/108 + 2/9. What is the highest common divisor of 7 and w?
7
Suppose 2*d - 4 = -4*h - 2*d, 2*h - 4*d + 28 = 0. Let a(n) = -2*n - 1. Let w be a(-4). Let l = w - h. What is the highest common divisor of l and 22?
11
Let c = -2 + 5. Suppose -10 = c*o + 2*o. Let u be 2 + o + (-45)/(-3). What is the greatest common factor of 105 and u?
15
Let x = 16 - 7. What is the greatest common factor of 6 and x?
3
Suppose -4*i - 4*o + 216 = 0, -2*i + 6*i - 4*o - 176 = 0. Suppose 3*z = -1 + i. What is the highest common factor of 8 and z?
8
Suppose 7*h - 280 = 6*h. What is the greatest common divisor of h and 112?
56
Suppose -2*n + 2*l = -66, -2*n + 64 = -l - 2*l. Calculate the highest common factor of 5 and n.
5
Let c be 149/5 + (-1)/(-5). What is the greatest common divisor of 15 and c?
15
Let f(v) = v**3 + 4*v**2 - 2. Let j be f(-5). Let c = j - -9. Let a be c/(-15)*40/3. Calculate the highest common divisor of a and 64.
16
Let q be (36/(-8))/((-6)/328). Suppose o = -2*o + 6. Suppose 0 = -o*u - 92 + q. What i